 greatest common divisor of 1645200 and 360000?
3600
Calculate the highest common divisor of 1223952 and 858071.
593
What is the greatest common divisor of 2709 and 9320895?
387
What is the highest common divisor of 7061368 and 6?
2
Calculate the highest common divisor of 6 and 1482564.
6
Calculate the highest common divisor of 37098 and 56803221.
6183
What is the highest common divisor of 233835 and 1071187?
2227
Calculate the highest common factor of 20 and 1922108470.
10
Calculate the highest common factor of 390 and 912405.
195
What is the highest common divisor of 260 and 574080?
260
What is the greatest common divisor of 91184 and 29746?
278
Calculate the greatest common divisor of 958989 and 26077.
293
What is the greatest common divisor of 50809 and 50789332?
1639
Calculate the highest common factor of 3585997 and 346409.
1207
Calculate the highest common divisor of 34883793 and 43.
43
What is the highest common factor of 251383 and 352?
11
Calculate the greatest common divisor of 703582 and 9592.
22
What is the highest common divisor of 1129073 and 3?
1
What is the greatest common factor of 4254318414 and 36?
18
What is the greatest common factor of 27885 and 457875?
165
What is the greatest common factor of 37251654 and 264?
66
What is the highest common divisor of 3804 and 90732?
12
What is the greatest common factor of 17028287 and 5969?
127
What is the highest common divisor of 11739 and 1993537?
91
What is the highest common divisor of 210 and 58441670?
70
Calculate the highest common divisor of 21238 and 1536598.
574
Calculate the greatest common divisor of 3788855275 and 461.
461
Calculate the highest common factor of 89095 and 6737485.
865
What is the greatest common factor of 13 and 1367249?
13
What is the highest common factor of 78125641 and 759?
253
Calculate the highest common factor of 13893 and 86229.
33
What is the greatest common factor of 2435430 and 16995?
15
Calculate the greatest common factor of 214514384 and 896.
112
Calculate the greatest common divisor of 170 and 44666786.
34
Calculate the greatest common factor of 2954 and 13733146.
2954
Calculate the greatest common divisor of 1011 and 403186463.
337
Calculate the greatest common divisor of 13424 and 368.
16
What is the greatest common factor of 494373 and 7810?
781
Calculate the highest common factor of 1532737 and 9512.
29
Calculate the greatest common divisor of 3876 and 1039758318.
1938
What is the greatest common divisor of 10937148 and 1319?
1319
What is the greatest common divisor of 9189 and 29646?
9
What is the greatest common divisor of 17492648 and 7144?
376
What is the highest common divisor of 3560 and 138520?
40
What is the greatest common divisor of 2697116 and 406?
58
What is the greatest common factor of 72972 and 14094?
18
What is the highest common divisor of 290744545 and 455?
455
Calculate the highest common divisor of 3 and 41891577.
3
Calculate the highest common divisor of 54579 and 14126469.
2373
Calculate the highest common divisor of 16208 and 20000.
16
Calculate the greatest common divisor of 918 and 88830432.
54
What is the greatest common divisor of 138 and 261660926?
46
Calculate the greatest common factor of 46252011 and 138.
69
Calculate the greatest common factor of 1610711 and 41331.
599
What is the greatest common factor of 92 and 1376872?
92
Calculate the highest common divisor of 35 and 117417405.
35
Calculate the greatest common factor of 1077076 and 3331328.
4004
Calculate the greatest common factor of 15528 and 1046846.
1294
What is the highest common divisor of 35403936 and 432?
48
What is the highest common divisor of 968 and 358842?
22
What is the highest common divisor of 1416054 and 37206?
318
Calculate the greatest common divisor of 38 and 1700353320.
38
What is the highest common divisor of 109118110 and 10?
10
What is the highest common divisor of 3168 and 271911024?
1584
Calculate the greatest common divisor of 7430140 and 285.
95
Calculate the greatest common divisor of 3374700 and 2492.
28
Calculate the highest common factor of 7439 and 169305931.
173
Calculate the greatest common divisor of 2100 and 44826075.
525
Calculate the highest common factor of 20909 and 1305731.
721
Calculate the highest common divisor of 12075 and 28956655.
805
What is the highest common divisor of 8977650 and 9900?
1650
What is the highest common factor of 28595 and 3537610?
4085
What is the greatest common divisor of 3864 and 3382904?
56
Calculate the highest common factor of 167475 and 632751.
609
What is the highest common factor of 657 and 3763077?
219
Calculate the highest common factor of 7627760 and 131584.
4112
Calculate the greatest common factor of 9575 and 7214954.
383
What is the highest common factor of 7978146 and 53232?
6654
Calculate the highest common factor of 2432 and 20968.
8
What is the highest common divisor of 43621 and 737701?
241
Calculate the greatest common factor of 2295778178 and 11668.
5834
What is the highest common factor of 801 and 52506084?
267
What is the greatest common factor of 180 and 139116?
12
Calculate the greatest common factor of 82638838 and 10.
2
Calculate the highest common factor of 16696020 and 264.
132
Calculate the greatest common factor of 959 and 123730454.
137
Calculate the highest common factor of 41 and 2663867662.
41
What is the greatest common factor of 16 and 320516048?
16
What is the highest common divisor of 2702704 and 496?
496
Calculate the highest common divisor of 180 and 44814885.
15
Calculate the highest common factor of 89598 and 316470.
822
What is the highest common factor of 1600674 and 49704?
114
Calculate the greatest common divisor of 21 and 2177046375.
21
Calculate the highest common factor of 217 and 139889701.
217
What is the highest common divisor of 77881026 and 19194?
2742
What is the greatest common divisor of 1095139 and 424?
53
What is the greatest common divisor of 5585611 and 620?
31
What is the highest common divisor of 749 and 29931538?
749
What is the highest common divisor of 8853 and 83265?
39
Calculate the greatest common factor of 26230188 and 3552.
444
What is the highest common factor of 931824 and 68364?
324
Calculate the greatest common divisor of 5658 and 41441078.
1886
Calculate the highest common divisor of 307083 and 58947.
147
Calculate the greatest common factor of 47309 and 2634.
1
What is the greatest common divisor of 21254793 and 126?
21
Calculate the highest common factor of 268831885 and 785.
785
What is the greatest common factor of 57027780 and 470?
10
Calculate the highest common divisor of 3394460 and 34888.
356
What is the highest common factor of 2358 and 1301354?
262
What is the highest common factor of 17415 and 152056170?
5805
Calculate the highest common factor of 17591731 and 6684.
557
Calculate the highest common factor of 64796 and 277220.
668
What is the highest common divisor of 185979066 and 721?
721
What is the highest common factor of 217 and 16440788?
217
What is the highest common divisor of 4302942 and 42?
42
Calculate the highest common factor of 27687 and 3784539.
33
What is the greatest common factor of 2058164883 and 54?
27
Calculate the greatest common divisor of 50390779 and 10974.
1829
What is the greatest common divisor of 1348504 and 18880?
472
Calculate the highest common factor of 6846960 and 6270.
30
Calculate the highest common factor of 11015 and 12803836.
2203
What is the highest common factor of 35814 and 864?
6
Calculate the highest common divisor of 336 and 51644992.
112
What is the greatest common factor of 47245 and 145805?
55
What is the greatest common divisor of 99 and 11072193?
33
Calculate the highest common divisor of 5798 and 1726.
2
Calculate the highest common divisor of 130 and 206534770.
130
What is the highest common divisor of 13894797 and 595?
119
What is the highest common divisor of 30516660 and 64296?
684
What is the greatest common divisor of 1684 and 639121784?
1684
What is the highest common divisor of 19388 and 67340?
148
What is the greatest common factor of 541392 and 462?
6
What is the greatest common divisor of 492155 and 1692345?
1285
Calculate the highest common divisor of 44777547 and 5890.
589
What is the highest common divisor of 589965 and 1078945?